
What are the prime factors of 181616?
2, 11351
What are the prime factors of 2439?
3, 271
What are the prime factors of 405?
3, 5
List the prime factors of 2079.
3, 7, 11
What are the prime factors of 325?
5, 13
What are the prime factors of 6368?
2, 199
List the prime factors of 1014.
2, 3, 13
List the prime factors of 2006.
2, 17, 59
What are the prime factors of 42190?
2, 5, 4219
List the prime factors of 33894.
2, 3, 7, 269
List the prime factors of 3918.
2, 3, 653
List the prime factors of 1707.
3, 569
List the prime factors of 876.
2, 3, 73
What are the prime factors of 380?
2, 5, 19
List the prime factors of 9542.
2, 13, 367
What are the prime factors of 917?
7, 131
What are the prime factors of 13079?
11, 29, 41
List the prime factors of 11434.
2, 5717
List the prime factors of 71908.
2, 17977
List the prime factors of 1287.
3, 11, 13
What are the prime factors of 3117?
3, 1039
List the prime factors of 12643.
47, 269
List the prime factors of 22830.
2, 3, 5, 761
What are the prime factors of 19830?
2, 3, 5, 661
What are the prime factors of 62929?
62929
List the prime factors of 586.
2, 293
What are the prime factors of 756?
2, 3, 7
List the prime factors of 55211.
13, 31, 137
List the prime factors of 1109.
1109
List the prime factors of 39754.
2, 11, 13, 139
List the prime factors of 3750.
2, 3, 5
List the prime factors of 63263.
41, 1543
List the prime factors of 9353.
47, 199
List the prime factors of 3321.
3, 41
List the prime factors of 3066.
2, 3, 7, 73
List the prime factors of 48323.
11, 23, 191
List the prime factors of 133879.
83, 1613
What are the prime factors of 2003?
2003
What are the prime factors of 928?
2, 29
List the prime factors of 162.
2, 3
List the prime factors of 9710.
2, 5, 971
List the prime factors of 5084.
2, 31, 41
List the prime factors of 139320.
2, 3, 5, 43
What are the prime factors of 220?
2, 5, 11
What are the prime factors of 4?
2
List the prime factors of 594.
2, 3, 11
List the prime factors of 1440.
2, 3, 5
What are the prime factors of 1461?
3, 487
What are the prime factors of 3613?
3613
List the prime factors of 11265.
3, 5, 751
List the prime factors of 11763.
3, 1307
List the prime factors of 1084.
2, 271
What are the prime factors of 5337?
3, 593
List the prime factors of 1856.
2, 29
List the prime factors of 126708.
2, 3, 10559
What are the prime factors of 1311?
3, 19, 23
What are the prime factors of 39760?
2, 5, 7, 71
What are the prime factors of 4178?
2, 2089
List the prime factors of 1623.
3, 541
What are the prime factors of 994?
2, 7, 71
List the prime factors of 1876.
2, 7, 67
List the prime factors of 1744.
2, 109
What are the prime factors of 38241?
3, 7, 607
What are the prime factors of 827?
827
List the prime factors of 17443.
17443
List the prime factors of 1186.
2, 593
What are the prime factors of 7669?
7669
What are the prime factors of 16805?
5, 3361
List the prime factors of 197.
197
What are the prime factors of 3454?
2, 11, 157
List the prime factors of 4715.
5, 23, 41
List the prime factors of 51948.
2, 3, 13, 37
What are the prime factors of 15038?
2, 73, 103
What are the prime factors of 31139?
31139
List the prime factors of 1661.
11, 151
What are the prime factors of 185529?
3, 61843
List the prime factors of 2747.
41, 67
What are the prime factors of 8907?
3, 2969
List the prime factors of 7135.
5, 1427
What are the prime factors of 1879?
1879
List the prime factors of 18157.
67, 271
What are the prime factors of 35581?
7, 13, 17, 23
What are the prime factors of 1059?
3, 353
What are the prime factors of 2726?
2, 29, 47
List the prime factors of 116755.
5, 19, 1229
List the prime factors of 64398.
2, 3, 10733
List the prime factors of 52653.
3, 17551
What are the prime factors of 7076?
2, 29, 61
What are the prime factors of 5607?
3, 7, 89
What are the prime factors of 814?
2, 11, 37
What are the prime factors of 1375?
5, 11
List the prime factors of 3535.
5, 7, 101
List the prime factors of 30885.
3, 5, 29, 71
List the prime factors of 7408.
2, 463
List the prime factors of 3902.
2, 1951
What are the prime factors of 33?
3, 11
List the prime factors of 337.
337
What are the prime factors of 3639?
3, 1213
What are the prime factors of 366?
2, 3, 61
List the prime factors of 1900.
2, 5, 19
What are the prime factors of 19489?
19489
What are the prime factors of 1330?
2, 5, 7, 19
What are the prime factors of 99?
3, 11
What are the prime factors of 3138?
2, 3, 523
List the prime factors of 46970.
2, 5, 7, 11, 61
List the prime factors of 17824.
2, 557
List the prime factors of 8270.
2, 5, 827
What are the prime factors of 2853?
3, 317
List the prime factors of 4534.
2, 2267
What are the prime factors of 102?
2, 3, 17
What are the prime factors of 84?
2, 3, 7
List the prime factors of 528.
2, 3, 11
List the prime factors of 274.
2, 137
What are the prime factors of 387?
3, 43
List the prime factors of 3849.
3, 1283
What are the prime factors of 15245?
5, 3049
What are the prime factors of 2183?
37, 59
List the prime factors of 1186.
2, 593
List the prime factors of 473.
11, 43
List the prime factors of 2747.
41, 67
List the prime factors of 837.
3, 31
What are the prime factors of 486?
2, 3
What are the prime factors of 9575?
5, 383
List the prime factors of 1438.
2, 719
What are the prime factors of 1671?
3, 557
What are the prime factors of 8290?
2, 5, 829
List the prime factors of 3830.
2, 5, 383
List the prime factors of 2720.
2, 5, 17
What are the prime factors of 11718?
2, 3, 7, 31
List the prime factors of 2341.
2341
What are the prime factors of 144426?
2, 3, 24071
What are the prime factors of 4751?
4751
What are the prime factors of 3181?
3181
What are the prime factors of 1621?
1621
What are the prime factors of 11808?
2, 3, 41
List the prime factors of 1247.
29, 43
What are the prime factors of 57312?
2, 3, 199
List the prime factors of 24729.
3, 8243
What are the prime factors of 343?
7
What are the prime factors of 917?
7, 131
List the prime factors of 14.
2, 7
What are the prime factors of 1892?
2, 11, 43
What are the prime factors of 5766?
2, 3, 31
What are the prime factors of 4?
2
List the prime factors of 5971.
7, 853
What are the prime factors of 90539?
37, 2447
What are the prime factors of 6792?
2, 3, 283
What are the prime factors of 51469?
11, 4679
List the prime factors of 1612.
2, 13, 31
What are the prime factors of 5703?
3, 1901
List the prime factors of 45827.
45827
What are the prime factors of 407?
11, 37
What are the prime factors of 10019?
43, 233
What are the prime factors of 25252?
2, 59, 107
List the prime factors of 16058.
2, 7, 31, 37
List the prime factors of 786.
2, 3, 131
What are the prime factors of 1854?
2, 3, 103
List the prime factors of 1339.
13, 103
List the prime factors of 8838.
2, 3, 491
List the prime factors of 10654.
2, 7, 761
What are the prime factors of 1304?
2, 163
What are the prime factors of 15525?
3, 5, 23
What are the prime factors of 1446?
2, 3, 241
What are the prime factors of 7091?
7, 1013
List the prime factors of 16296.
2, 3, 7, 97
What are the prime factors of 3447?
3, 383
What are the prime factors of 4763?
11, 433
What are the prime factors of 18321?
3, 31, 197
List the prime factors of 25.
5
What are the prime factors of 206?
2, 103
List the prime factors of 6697.
37, 181
What are the prime factors of 1581?
3, 17, 31
List the prime factors of 29652.
2, 3, 7, 353
List the prime factors of 1836.
2, 3, 17
List the prime factors of 3385.
5, 677
What are the prime factors of 23566?
2, 11783
List the prime factors of 120821.
19, 6359
What are the prime factors of 503?
503
List the prime factors of 6615.
3, 5, 7
What are the prime factors of 3088?
2, 193
List the prime factors of 1163.
1163
List the prime factors of 1090.
2, 5, 109
What are the prime factors of 12747?
3, 7, 607
What are the prime factors of 7824?
2, 3, 163
What are the prime factors of 27480?
2, 3, 5, 229
What are the prime factors of 31533?
3, 23, 457
List the prime factors of 52671.
3, 97, 181
What are the prime factors of 36140?
2, 5, 13, 139
What are the prime factors of 2807?
7, 401
List the prime factors of 157631.
283, 557
List the prime factors of 125688.
2, 3, 5237
List the prime factors of 231.
3, 7, 11
List the prim